24 + -21. Suppose 0 = -p*b - 7 + 46. Suppose -11*q + 4 = -b*q. What is k(q)?
-12
Let q(i) be the second derivative of i**3/6 + 80*i. What is q(9)?
9
Let k(q) be the third derivative of 0*q + 0 - 1/4*q**4 + 2*q**2 + 1/720*q**6 + 1/120*q**5 + 0*q**3. Let p(o) be the second derivative of k(o). Calculate p(-2).
-1
Let x be ((-180)/(-48) - (1 - -3))*-36. Let o(h) = -h**2 + 11*h + 5. Calculate o(x).
23
Suppose 3*l = a - 2*l + 2, 0 = 2*a + l - 7. Suppose -4*j + 0*h + 3*h = 7, 19 = 2*j + a*h. Let x(r) = j*r + 2 - 9 + 0*r + 0. What is x(5)?
3
Let q(g) = -2*g**2 + 7*g - 7. Let r(c) = 2*c**3 + c**2 + 6*c + 5. Let h be r(0). Give q(h).
-22
Let v(h) be the first derivative of -5 + 3*h**2 - 3*h - 5/3*h**3 + 1/4*h**4. Let l(f) = f**2 - 2*f - 4. Let k be l(4). Calculate v(k).
5
Let i be 12/(-18) - 169/3. Let b be -2*i/18 + (-2)/6. Let j(f) = -f**2 + 5*f. Determine j(b).
-6
Let v(w) = 49 + 6*w**2 + 2*w - 44 + 3*w - w**3. What is v(6)?
35
Let k(c) = c - 14. Let o be 930/70 - (-6)/105*-5. Calculate k(o).
-1
Suppose f = -f - 3*r - 33, 0 = 2*f - 2*r + 18. Let a(i) = -i**3 - 12*i**2 - i - 11. Give a(f).
1
Suppose 17*q = -4*q + 756. Let t(i) = -20*i**2 + i + 0*i + 9 + q*i**2 - 15*i**2. Calculate t(0).
9
Suppose 0 = -8*v - 2*v + 30. Let x(q) = -q - 3. What is x(v)?
-6
Let a(w) = 4*w - 21. Let f be a(6). Let k(j) be the second derivative of 1/20*j**5 - 3*j + 7/12*j**4 + 7/6*j**3 + f*j**2 + 0. What is k(-6)?
0
Let s(j) = 21*j**2 - j + 1. Let k = -3118 - -3119. Give s(k).
21
Let g be 2/(-4) - 26/(-4). Let t = -1 + g. Suppose 3*d = t*d + 2. Let a(p) = 2*p. Give a(d).
-2
Let a(d) = -d**2 + 10*d + 24. Let g be a(11). Let y(u) = 7 + u + 7*u**2 + 7 + 0*u**2 - g. What is y(-1)?
7
Let x(s) = -s - 2. Let c(r) = 3*r. Let z(a) = c(a) + 2*x(a). Let b be (8/6)/((-2)/6). Let h(n) = -2*n - 2. Let i be h(b). Give z(i).
2
Let j(z) be the second derivative of -23*z**3/6 + z**2/2 + z - 21. Calculate j(-1).
24
Let v(g) = g + 1. Let n = 6 + -2. Suppose 3*d = n*d - 5. Suppose 6 + 24 = -d*h. Determine v(h).
-5
Let g(r) = -4*r - 23. Let d(h) = -48*h - 395. Let y be d(-8). Calculate g(y).
21
Suppose 2*u + 8 = 5*s, -3*s + 24 = 2*u - 0*u. Let j(n) = -n + 2 + u - 6 - 4. Calculate j(4).
-6
Suppose 2*s + 2*s + y + 12 = 0, 16 = -3*s + y. Let a(l) = 5*l + 20. What is a(s)?
0
Let b(u) = 6 - 12*u**2 + 46*u**2 + 4*u - 33*u**2. What is b(-4)?
6
Let p(h) = 3*h**2 - 2*h - 4*h + 31*h - 13*h - 9 - 4*h**2. Determine p(12).
-9
Suppose -2*m - 13*m = -8*m. Let s(l) = l**3 + l**2 + l + 2. What is s(m)?
2
Let n = 54 + -52. Let j(z) = -2 - z - z**n + 3*z + z - 2*z. Calculate j(0).
-2
Let h = -38 + 40. Let d(s) = 10*s**2 + 6*s**2 + 12 - 17*s**h + s. Let f be 1 - 3*3/9. What is d(f)?
12
Let d(f) = -f + 11. Let o be d(10). Let h(g) = 2*g**2 + g. Let a be h(o). Suppose 0 = -2*l + 15 - a. Let t(v) = v - 11. Calculate t(l).
-5
Let x(u) be the third derivative of -1/2*u**3 + 1/360*u**6 - 4*u**2 - 7/24*u**4 - 1/30*u**5 + 0*u + 0. Let s(q) be the first derivative of x(q). Determine s(6).
5
Suppose -4*v + 29 - 9 = 0, x + 5*v - 29 = 0. Let w be 6 + (x/(-2) - 3). Let q(j) be the third derivative of 11*j**5/60 - j**4/24 - j**2. Determine q(w).
10
Let t(j) = j**3 - 11*j**2 + 12*j - 14. Let k = 101 - 91. Give t(k).
6
Let z be (1/(-2))/(89/(-712)). Let d(o) = o**2 - 6*o + 4. Give d(z).
-4
Let z(y) = -5*y + 1. Let m(d) = 0*d - 1 + 2*d + 4*d - 1. Let q(j) = 2*m(j) + 3*z(j). Determine q(-1).
2
Let t = 3 - 15. Let i be t/(-5) + 12/(-30). Suppose 3*b + 2*s = 2, -6*b + s + 10 = -i*b. Let v(h) = 2*h**2 - 3*h + 1. Give v(b).
3
Suppose 8 = -4*p, 2*p = -2*a - 1 + 3. Let d(u) = 4 - u + 11*u**3 - u**2 - 15*u**a - 4. What is d(-1)?
4
Let m(y) be the third derivative of -y**6/360 + y**5/120 + y**4/24 - 11*y**3/3 + 12*y**2. Let q(h) be the first derivative of m(h). Give q(0).
1
Let t(j) = -2 + 4 + 0*j - 1 + j. Let i be (-15)/6 - 2/4. Determine t(i).
-2
Let a(j) be the first derivative of j**3/3 - 4*j**2 + 9*j - 935. Determine a(4).
-7
Let p(a) = -2*a**2 - a. Suppose 0*s - 315 = -5*g + 5*s, 5*g + 3*s - 291 = 0. Let r = 61 - g. Calculate p(r).
-3
Let v(i) = 7*i + 31. Let b = 51 + -47. Let c(h) = -3*h - 15. Let k(y) = b*v(y) + 9*c(y). Determine k(11).
0
Let b be 16/8 - (-4 + 4/(-4)). Let h(o) = 2*o**2 - 8*o - 5. Give h(b).
37
Let c(o) be the first derivative of 16*o + 15 - 1/3*o**3 + 0*o**2. Give c(0).
16
Suppose 7*l - 2*l - 5*d = 29730, -3*d - 23789 = -4*l. Let o(k) = -l - 9*k + 5951. Determine o(-1).
9
Let s(b) = 3*b - 3. Let d be s(4). Let w = d - 10. Let z be w - 3 - (-10)/2. Let f(m) = -2*m**2 + m. Give f(z).
-1
Let k(p) be the first derivative of p**2/2 - 14*p + 37. Give k(7).
-7
Let s(a) be the first derivative of 2*a**2 + 6*a - 2*a**3 + 6 + 1/4*a**4. Calculate s(5).
1
Suppose 23*o + 150 = 18*o. Let d = -37 - o. Let b(m) = -m - 8. Give b(d).
-1
Let r be ((-2)/4)/((-2)/32). Let x(q) be the second derivative of q**4/12 - 7*q**3/6 - 7*q**2/2 - 4*q + 154. Determine x(r).
1
Let g be 20/6*(-7 + 11/2). Let d(q) = -2*q - 4. Determine d(g).
6
Let a(c) = c**2 + 8*c + 7. Let i(p) = -91 + 9*p**2 + p + 2*p + 112 + p**3. Let y be i(-9). What is a(y)?
-5
Let r(q) = q. Let x be r(0). Let h = x + -2. Let z(s) = -39*s - 30. Let w(u) = -9*u - 7. Let p(d) = -9*w(d) + 2*z(d). Calculate p(h).
-3
Let y(f) = -f + 1. Suppose 0 = -4*q - 0 + 24. Suppose 4*d = 5*m - 31, 18 = 4*m - 3*d - q. Calculate y(m).
-2
Let i(z) = -z**2 + 15*z - 1. Let u be i(14). Let n(a) = 20 + u*a - 7 + a**2 + 0*a**2. Let m be n(-11). Let x(f) = -f**3 - 9*f**2 + f + 5. What is x(m)?
-4
Let a(x) = x**3 - 4*x**2 + x + 1. Let h(t) = t**3 + 5*t**2 + 3*t - 3. Let p be h(-3). Let d be (-26)/(4 - p) + -1. Suppose -4*q = -0 - d. What is a(q)?
-5
Let u(h) = 19*h. Suppose -3*x = -4 - 5. Suppose -z + 5*r = 6, -5*r + x = -5*z - 7. Give u(z).
-19
Let f(v) = v**2 - 7*v - 9. Let t be f(6). Let p be -26*2/10 - (-12)/t. Let a(n) = n**2 + 5*n - 6. Determine a(p).
0
Let z = -189 + 199. Let q(b) = b - 13. Give q(z).
-3
Let c(o) = -o + 3. Let s be c(-3). Let f(r) be the second derivative of -r**3/3 + 9*r**2/2 - 4*r. What is f(s)?
-3
Let v(j) be the third derivative of 1/3*j**4 + 0*j + 0 + 35*j**2 + 1/60*j**5 - 5/6*j**3. Give v(-6).
-17
Let i(a) = 2 - 2 - a - 2. Let t(w) = w**2 + w - 10. Let v be t(-4). Give i(v).
-4
Let c(n) be the first derivative of 1/4*n**4 + 20 + 5*n + 1/2*n**2 - 1/3*n**3. Determine c(0).
5
Let b be -24*(-4)/(-24)*-3. Let t(h) = b - 4 - 10 + 0*h - h. Give t(3).
-5
Let w(x) = -x**3 + 9*x + 104 - x**3 - 50 - 60 + x**3 + 5*x**2. Give w(6).
12
Let a(c) = -11*c + 8. Let k(g) = 9*g - 8. Let l(n) = -5*a(n) - 6*k(n). Determine l(-5).
3
Let n(j) = -j - 2. Let r be 17 + -11 - (-5)/((-5)/3). Determine n(r).
-5
Let x = 1173 + -1164. Let p(b) = -b**2 + 12*b - 10. Give p(x).
17
Let x = 1626 + -1626. Let u(q) be the third derivative of -1/24*q**4 + x - 1/6*q**3 + 0*q + 3*q**2. Determine u(-7).
6
Let p(s) = 5*s - 9. Suppose -227*j + 115 = -250*j. Determine p(j).
-34
Let s(n) = n**2 - 16*n + 8. Let u be (-12)/(-54) - (2 + (-453)/27). Give s(u).
-7
Suppose 0 = 12*u + u - 13. Let t(m) = 17*m - 1. Determine t(u).
16
Let j(p) = p**3 + 8*p**2 + 8*p + 2. Suppose 4*r + 13 = -3*x, -5*r - 4 + 14 = 0. Calculate j(x).
-5
Let x(o) = -o**2 - 10*o - 20. Suppose p - 45 = 5*m, 2*m + 40*p - 37*p + 18 = 0. Calculate x(m).
-11
Let t(r) = 0*r**3 - 4*r - r - 1 + r**2 + r**3 + 3*r**2. Suppose 10*g + 1 = -49. Give t(g).
-1
Let l = 23 - 5. Let t = -32 - -18. Let c = t + l. Let x(i) = i**2 - 2*i - 4. Determine x(c).
4
Let p(z) be the second derivative of -z**7/840 + z**6/72 + z**5/30 - z**4/12 - 3*z**3/2 - 6*z. Let d(k) be the second derivative of p(k). Give d(5).
18
Let u(f) = -9*f**3 - 2*f**2 + f. Let z = -33 - -38. Suppose -2*t - 4 = 4*b + 2, z = -t. Calculate u(b).
-10
Let i = 469/222 - 72/37. Let m(g) be the second derivative of 11*g + i*g**3 + 0 + 5/2*g**2. Give m(-5).
0
Let h = 66 - 69. Let v(p) = 2*p**3 + 5*p**2 - 3*p + 5. Let u be v(h). Let d(s) = -6*s + 29. Let j(m) = -2*m + 10. Let w(n) = -3*d(n) + 8*j(n). What is w(u)?
3
Let p be ((-68)/8 - -7)/((-36)/2). Let o(v) be the second derivative of -v - 3*v**2 + 0 - p*v**4 + 4/3*v**3. What is o(7)?
1
Let z(r) = -r**3 - 6*r**2 - 12*r + 14. Suppose d = 2, 3*d - 6*d - 1 = -s. Let k(o) = o**3 + 6*o**2 + 11*o - 13. Let a(i) = s*k(i) + 6*z(i). Calculate a(-5).
-7
Let p(y) be the th